(base 12) to base 15
-5b84b
What is 10030101 (base 6) in base 5?
33040421
Convert -117bc0 (base 13) to base 12.
-181568
What is -202123110232 (base 4) in base 3?
-121222111201101
What is 23a7a4 (base 12) in base 13?
1732a5
Convert 80aa2a (base 12) to base 4.
13222211002
8538a4 (base 11) to base 4
11031222200
-164600530 (base 7) to base 4
-223001113003
Convert 1c51 (base 13) to base 12.
2597
Convert -1222202020 (base 3) to base 2.
-1001100100001111
What is -1012211221122 (base 3) in base 6?
-21505242
What is -2021321 (base 5) in base 10?
-32711
10100100010001101 (base 2) to base 10
84109
-263060 (base 7) to base 9
-74305
Convert 42111312 (base 6) to base 15.
192325
Convert 1644113 (base 7) to base 16.
38096
102051323 (base 7) to base 11
3437400
Convert 201111020000 (base 3) to base 10.
383616
What is -1023020 (base 4) in base 10?
-4808
7717607 (base 8) to base 12
83b407
Convert 3642234 (base 7) to base 3.
212120202200
What is 603b28 (base 12) in base 11?
9348a8
What is -502066 (base 8) in base 10?
-164918
109726 (base 11) to base 4
222131101
-5000331 (base 6) to base 12
-b30a7
-4c4be (base 15) to base 13
-87134
Convert -211133 (base 7) to base 10.
-36431
What is -88a678 (base 13) in base 14?
-5dc24b
What is 1f63 (base 16) in base 12?
4797
What is 3720745 (base 11) in base 13?
1457c1c
5164554 (base 11) to base 12
307566a
-dc140c (base 14) to base 8
-34342764
Convert -89086 (base 11) to base 7.
-1045452
Convert -833 (base 13) to base 6.
-10242
What is -118706 (base 10) in base 7?
-1003040
211211100023 (base 4) to base 16
96540b
Convert 4534372 (base 8) to base 10.
1227002
Convert 7a9357 (base 14) to base 13.
b31cc2
What is -1715564 (base 8) in base 12?
-200618
What is -246370 (base 10) in base 7?
-2044165
What is -2754237 (base 8) in base 3?
-1110102221202
Convert 1529971 (base 11) to base 12.
a63924
459602 (base 11) to base 10
730116
Convert 8407a (base 15) to base 6.
12550011
What is 26587 (base 9) in base 14?
67a4
Convert -406117 (base 8) to base 16.
-20c4f
175ed (base 15) to base 6
1341554
What is 321024 (base 9) in base 6?
4032204
1323202 (base 6) to base 3
10201112202
What is -120210020020 (base 3) in base 10?
-310722
4310140 (base 5) to base 16
11b61
What is -3a90a (base 16) in base 3?
-110012001112
-10443431 (base 5) to base 4
-112312300
What is a558a (base 13) in base 10?
297554
What is -130623064 (base 7) in base 5?
-4113422044
What is -2211122000201 (base 3) in base 9?
-2748021
1012222021 (base 4) to base 6
10111521
40fa50 (base 16) to base 6
231134424
What is -592ae (base 16) in base 13?
-ca318
Convert -57331 (base 15) to base 14.
-73195
31364a (base 11) to base 13
1479a0
Convert 101bb1b (base 12) to base 6.
144515235
What is -18922ab (base 13) in base 15?
-a92d1a
-10101101110111010 (base 2) to base 9
-145088
Convert 7527c (base 15) to base 5.
43344232
What is -1087a1 (base 12) in base 4?
-1000121221
Convert -371218 (base 12) to base 5.
-212044214
21079a1 (base 11) to base 3
20222201121010
31123110 (base 4) to base 2
1101011011010100
What is -379138 (base 10) in base 12?
-1634aa
-247800 (base 13) to base 16
-d5459
What is 5b0a7 (base 15) in base 6?
10120251
Convert -5154a (base 12) to base 7.
-621403
What is -200034213 (base 5) in base 13?
-215924
1877c2a (base 13) to base 10
8014523
Convert -141230340 (base 5) to base 11.
-457202
What is 12112022001012 (base 3) in base 2?
1011001101011100000111
What is 17152 (base 9) in base 10?
11792
-144144222 (base 6) to base 10
-2999894
What is -2a7a23 (base 13) in base 2?
-11111111001100101110
Convert -755d (base 15) to base 6.
-310554
25132 (base 12) to base 10
50294
Convert 6040c (base 13) to base 4.
222000112
What is -120202022112011 (base 3) in base 15?
-b05694
1887a (base 14) to base 10
62044
What is 34205562 (base 8) in base 3?
111221101112211
Convert 516547 (base 13) to base 11.
1087916
79551 (base 11) to base 13
4052c
Convert 870b07 (base 12) to base 9.
4016857
-3486316 (base 11) to base 6
-334224233
What is 7427413 (base 10) in base 16?
715555
-4005300 (base 7) to base 6
-14043150
What is 1060005 (base 9) in base 3?
1002000000012
What is -32b88a (base 13) in base 12?
-4985b6
What is 3343a4 (base 15) in base 16?
254c29
What is -142323 (base 7) in base 15?
-8126
What is -102505 (base 6) in base 12?
-4a35
8a316 (base 13) to base 12
1012b4
What is 321772 (base 10) in base 4?
1032203230
Convert 3974118 (base 10) to base 14.
756418
Convert -111110101022 (base 3) to base 9.
-443338
Convert -543450 (base 6) to base 12.
-21b86
2307687 (base 9) to base 2
100110000001000000001
111111101110100110000000 (base 2) to base 12
5717940
What is 1001001101111101001 (base 2) in base 3?
120100100022
Convert 11432 (base 7) to base 12.
186b
What is 3025254 (base 6) in base 9?
238157
What is -111100001100001000000 (base 2) in base 5?
-1001103123
Convert -4224034 (base 5) to base 3.
-10120201211
-135ab (base 16) to base 3
-11000202010
What is -10001012101 (base 3) in base 15?
-12b4d
Convert -3073305 (base 8) to base 5.
-202114322
-2004214312 (base 5) to base 6
-221120211
-1133203201 (base 4) to base 6
-12220001
-14341064 (base 7) to base 10
-1354553
443466 (base 7) to base 2
10011000100011001
What is -20001022221 (base 3) in base 9?
-201287
Convert -5ab81 (base 16) to base 15.
-75175
What is -49957 (base 13) in base 6?
-2523454
-1011111111111101 (base 2) to base 4
-23333331
What is -1dd117 (base 14) in base 9?
-2015036
Convert -20456 (base 8) to base 12.
-4aba
-1101110011110010 (base 2) to base 11
-39550
13330623 (base 7) to base 3
2022201022110
What is -123003320 (base 4) in base 15?
-22c95
What is -10100000101010111011 (base 2) in base 4?
-2200222323
-59247 (base 15) to base 12
-118441
What is 2182036 (base 9) in base 6?
41112010
What is -35b9a (base 13) in base 11?
-68136
What is 31635044 (base 9) in base 7?
243455665
What is 15829 (base 14) in base 16?
d1ed
Convert -202333320 (base 4) to base 9.
-237570
343044231 (base 5) to base 3
2212221200112
Convert 153030 (base 8) to base 16.
d618
-107fd (base 16) to base 12
-33139
7556757 (base 8) to base 16
1eddef
Convert 12a9c (base 16) to base 4.
102222130
11111001010011001110000 (base 2) to base 7
126302352
Convert -20022210020 (base 3) to base 4.
-132121113
-106748 (base 13) to base 2
-1011110001010110110
What is 11010010011101100 (base 2) in base 3?
12110210222
-2781112 (base 10) to base 8
-12467670
147471 (base 9) to base 15
1bd74
Convert 321415 (base 8) to base 11.
73665
-89bb89 (base 13) to base 10
-3253532
-2137712 (base 8) to base 6
-20142322
Convert -2442553 (base 7) to base 6.
-10413311
Convert 1611a8 (base 11) to base 3.
110201120120
What is -30460367 (base 8) in base 7?
-105541641
Convert 1001000000000111011 (base 2) to base 15.
5c5eb
-6c8a2 (base 16) to base 10
-444578
Convert 110010010010011110 (base 2) to base 9.
343488
2212011121 (base 3) to base 5
3300012
What is -330203320 (base 4) in base 13?
-88ba3
What is -731119 (base 12) in base 10?
-1805925
-3419a0 (base 11) to base 15
-ab3d2
Convert -860145 (base 9) to base 7.
-4231235
What is 1007084 (base 9) in base 2?
10000011000000101100
1325043 (base 6) to base 16
11fd3
-25130516 (base 8) to base 16
-54b14e
-64670 (base 11) to base 7
-540655
2043143 (base 6) to base 14
28223
11010001101001100 (base 2) to base 16
1a34c
What is -b1251 (base 12) in base 11?
-147a29
21121222220 (base 3) to base 8
445233
-10110001011011000101 (base 2) to base 11
-456aaa
-21010111002 (base 3) to base 10
-140321
What is -63447b (base 14) in base 3?
-20022101220111
Convert 2021052 (base 7) to base 9.
405780
-18d9ef (base 16) to base 5
-404104110
Convert 91095 (base 14) to base 16.
551cb
420673 (base 14) to base 4
20200102131
What is -1111000100000100100101 (base 2) in base 9?
-7377706
-1b7697 (base 12) to base 6
-14300311
What is -123512524 (base 7) in base 9?
-15687187
-3246430 (base 7) to base 11
-252399
What is -10301223121 (base 4) in base 10?
-1252057
Convert -44320331 (base 5) to base 7.
-3164352
What is -1a421 (base 13) in base 7?
-302241
Convert 180cb70 (base 13) to base 16.
77683b
Convert -21012003031 (base 4) to base 13.
-6561c7
Convert -10110011111110000110111 (base 2) to base 13.
-12b6313
-7b74e (base 16) to base 15
-9ec6d
Convert 352acc (base 14) to base 15.
25c38a
Convert 2111220112 (base 4) to base 2.
100101